65665 composite?
True
Is 307099153 prime?
True
Is 7671015245 a prime number?
False
Is 30066473053 a composite number?
False
Is 3196270433 prime?
True
Is 2055375529 a prime number?
False
Is 2143709821 prime?
False
Is 93258960257 composite?
True
Is 4405084961 prime?
True
Is 31560423161 composite?
True
Is 713332519 a composite number?
False
Is 18496073989 prime?
True
Is 29081585327 prime?
False
Is 12886580111 a prime number?
False
Is 373085039 prime?
False
Is 12759252151 a composite number?
False
Is 3106053299 a composite number?
False
Is 366729923 composite?
True
Is 94864951 composite?
False
Is 2081986721 a prime number?
False
Is 45301506573 a composite number?
True
Is 9230401577 composite?
False
Is 603027473 a composite number?
False
Is 105194438621 prime?
False
Is 281916577 prime?
True
Is 14499619837 composite?
True
Is 7119135877 composite?
True
Is 23177708003 a composite number?
True
Is 23526913849 a composite number?
False
Is 14513141107 a prime number?
True
Is 429385622 a composite number?
True
Is 8727910543 a prime number?
False
Is 147127760713 a prime number?
True
Is 22442999114 a composite number?
True
Is 8733316811 a prime number?
True
Is 12557044831 a prime number?
False
Is 138038848459 a prime number?
True
Is 3046692163 a composite number?
True
Is 2242625711 composite?
False
Is 2684166223 a composite number?
True
Is 513644077 a composite number?
True
Is 1294154183 a prime number?
False
Is 36872418181 a composite number?
True
Is 3394943941 a composite number?
False
Is 2689887011 composite?
True
Is 14219792831 a composite number?
True
Is 2547621293 a prime number?
False
Is 7170819303 composite?
True
Is 68244868943 a prime number?
False
Is 65621136601 a prime number?
False
Is 938389187 prime?
True
Is 22171328093 composite?
True
Is 1894773449 composite?
False
Is 160418754841 a composite number?
False
Is 880302829 a prime number?
False
Is 32140745023 prime?
True
Is 65326609093 prime?
True
Is 133216356973 prime?
False
Is 17133961633 composite?
True
Is 2357417 a prime number?
True
Is 608217749 a prime number?
True
Is 285080011 a prime number?
False
Is 8462077979 prime?
False
Is 33927063 prime?
False
Is 839041747 prime?
True
Is 890429317 prime?
True
Is 847572497 a prime number?
True
Is 32106078431 prime?
False
Is 12242544931 a composite number?
False
Is 21311958271 a composite number?
True
Is 785626393 a prime number?
True
Is 17802220093 prime?
False
Is 63139558343 a prime number?
False
Is 504176927 composite?
False
Is 2203468051 a prime number?
True
Is 2323832267 a prime number?
True
Is 2723881163 a composite number?
False
Is 931649869 prime?
True
Is 587948270815 composite?
True
Is 8307817001 a composite number?
True
Is 5185812383 composite?
False
Is 404461163 a prime number?
True
Is 9334820009 a composite number?
True
Is 904999853 prime?
True
Is 1565775007 a prime number?
True
Is 1506800069 prime?
False
Is 5550523487 composite?
False
Is 78953359603 a composite number?
True
Is 10958542037 a composite number?
True
Is 9108598493 prime?
True
Is 1943537698 a composite number?
True
Is 6763560371 composite?
False
Is 102447239 a composite number?
True
Is 980446447 a composite number?
True
Is 675834529 a prime number?
False
Is 450354859 prime?
False
Is 941921887 a prime number?
False
Is 200401001 composite?
True
Is 26448210517 a prime number?
True
Is 8369744633 prime?
False
Is 325644023 prime?
True
Is 1421544799 a composite number?
True
Is 11209652957 a composite number?
False
Is 4132970449 composite?
True
Is 66739912777 prime?
False
Is 1732233639 a composite number?
True
Is 241827097 a prime number?
True
Is 956810347 prime?
False
Is 9522942589 a composite number?
True
Is 3094861199 a composite number?
False
Is 16327533241 prime?
True
Is 761556713 composite?
True
Is 3206903267 a composite number?
False
Is 1250369819 a composite number?
True
Is 3704560537 prime?
False
Is 4363863137 composite?
False
Is 15603795257 prime?
True
Is 64207799 a prime number?
True
Is 231449983 a prime number?
False
Is 576194809 a composite number?
True
Is 1167913949 a composite number?
False
Is 4977336647 a composite number?
False
Is 1864420529 a composite number?
True
Is 1588311119 prime?
True
Is 9971350451 a prime number?
True
Is 15290562041 prime?
True
Is 18851814623 prime?
False
Is 258619048507 a prime number?
True
Is 504331519 prime?
True
Is 158896081 a prime number?
True
Is 9467203583 prime?
True
Is 245302501 a composite number?
False
Is 3339490471 a composite number?
False
Is 61541921009 composite?
False
Is 564671839 prime?
True
Is 199065173 a prime number?
False
Is 2736666367 a composite number?
False
Is 10405648831 a composite number?
False
Is 901490539 a prime number?
False
Is 256958251 composite?
True
Is 1106579057 composite?
True
Is 13687405373 a composite number?
False
Is 2977125407 prime?
True
Is 241989791 a composite number?
False
Is 128860120163 composite?
False
Is 1606952663 a composite number?
True
Is 9242941021 prime?
False
Is 65502558379 composite?
True
Is 384107489 a prime number?
True
Is 255653819 prime?
False
Is 336634593 composite?
True
Is 5726527759 prime?
True
Is 972812543 composite?
True
Is 7025603783 prime?
False
Is 71491159613 composite?
True
Is 430909979 a prime number?
True
Is 3304647959 composite?
True
Is 9454907611 a composite number?
True
Is 180373657 a composite number?
True
Is 1465620839 prime?
False
Is 959131631 a prime number?
True
Is 178338869 composite?
False
Is 11344301 composite?
False
Is 6398029439 a prime number?
False
Is 511636577 prime?
True
Is 8734034447 a composite number?
False
Is 1134552169 composite?
False
Is 267125311 a composite number?
True
Is 2536245553 a composite number?
False
Is 75152573 a prime number?
True
Is 1345720643 a prime number?
False
Is 17441988827 a composite number?
False
Is 17450492797 prime?
True
Is 2966953991 a prime number?
False
Is 5425324085 a composite number?
True
Is 13633879561 prime?
False
Is 1032245741 composite?
False
Is 8428228643 composite?
True
Is 5880451219 a composite number?
False
Is 2890784357 a prime number?
True
Is 2289148034 prime?
False
Is 258773807 prime?
True
Is 1263006214 a prime number?
False
Is 5165432029 composite?
True
Is 85371712369 a composite number?
False
Is 66308803109 a composite number?
True
Is 9083627219 a composite number?
False
Is 1969546253 composite?
False
Is 8665513 composite?
True
Is 41477311 composite?
True
Is 2453249497 composite?
False
Is 129268313 prime?
True
Is 20672678563 a prime number?
True
Is 11575004137 prime?
False
Is 58697123 a prime number?
False
Is 350312458 a composite number?
True
Is 7988343749 a composite number?
False
Is 201903146177 a composite number?
True
Is 9990714637 a prime number?
True
Is 4617994351 a composite number?
False
Is 499455497 composite?
False
Is 11106238141 a prime number?
False
Is 547090877 a prime number?
True
Is 5640312563 a composite number?
True
Is 7156334281 prime?
True
Is 225807026591 composite?
False
Is 230997019 a prime number?
False
Is 4245840901 prime?
True
Is 298449223 prime?
True
Is 9132637289 a prime number?
True
Is 368121379 a composite number?
False
Is 8685715481 a prime number?
True
Is 1661917183 a composite number?
False
Is 1172119243 a composite number?
False
Is 3122546239 a composite number?
False
Is 314872799 a prime number?
False
Is 82955707 prime?
True
Is 130695999661 a composite number?
True
Is 989236201 prime?
False
Is 19917970089 prime?
False
Is 9098135227 a prime number?
True
Is 756112793 prime?
False
Is 89668338317 composite?
False
Is 4663790813 a prime number?
False
Is 27518700191 a composite number?
False
Is 17477160119 a composite number?
False
Is 820781383 prime?
True
Is 3081163717 composite?
False
Is 660883429 a prime number?
True
Is 1061914771 composite?
False
Is 46418497 a prime number?
False
Is 1611575837 composite?
False
Is 9940598561 a composite number?
False
Is 18617483107 composite?
False
Is 5055108011 a composite number?
True
Is 1007651353 a composite number?
True
Is 12134896747 composite?
False
Is 37193870199 prime?
False
Is 109516752433 a prime number?
False
Is 798894227 prime?
True
Is 3344157471 prime?
False
Is 292236599 composite?
False
Is 3765791989 a composite number?
False
Is 1677145989 prime?
False
Is 20487385549 prime?
True
Is 1511703799 a composite number?
False
Is 18611